common factor of f and 5.
5
Suppose -3*j + 2*h = -15, -4*j + 3*h + 18 = -3. Let i = -4497 - -4539. Suppose 0 = b - j*b + i. Calculate the greatest common factor of 231 and b.
21
Let x(t) = 18*t + 294. Suppose 6*j + 32 = 2*f + 4*j, 0 = 2*f + 4*j - 50. Let y be x(f). What is the highest common divisor of y and 53?
53
Suppose -5*v + 593 = 6*w, 29*w - 31*w = v - 197. What is the greatest common divisor of 2940 and w?
98
Let i be 8/((-1)/(-5)*(-12)/(-6)). Suppose -6*f = -f - i. What is the highest common divisor of 10 and f?
2
Let h be (2 + ((-684)/(-8))/(-9))*-2. Let n be (-198)/8 + 17/(-68). Let o = n - -40. What is the highest common factor of h and o?
15
Let i be 2/(-6) + (-40256)/(-96). Let u = 502 - i. Calculate the greatest common factor of u and 249.
83
Let k be (-1440)/(-64)*(4 - 32/10). Calculate the highest common factor of 16 and k.
2
Suppose 9*j + 4*p - 8909 = 4*j, p = j - 1789. What is the greatest common divisor of 70 and j?
35
Let s = 623 - 617. Suppose -m - s*h + 14 = -4*h, -3*m + 32 = h. Let f(z) = -36*z + 2. Let x be f(-3). What is the greatest common divisor of m and x?
10
Let y(n) = -n**3 + 8*n**2 + 15*n - 27. Let i be y(-9). Let r be 15/60 - i/(-4). Calculate the greatest common factor of r and 19.
19
Suppose 0 = 4*m - 12, -4*y + 4 = -2*m - 6. Let h(l) = -10*l + 20. Suppose 0 = 8*s - 20*s. Let v be h(s). Calculate the greatest common factor of y and v.
4
Suppose -2*u = -j - 25, -26*j = -u - 23*j + 25. Suppose -3*s - 2*o = -10, 4*s - u*o - 15 = -11*o. Calculate the greatest common factor of 108 and s.
4
Suppose -3*c + 4*l + 7813 = 0, -5*c + 543*l - 539*l = -13043. Calculate the greatest common divisor of 5 and c.
5
Suppose -3*o - 10 = -40. Suppose 0 = 2*v - 5*l - 295, o = 4*l - 2*l. Calculate the greatest common divisor of 10 and v.
10
Let l(u) be the first derivative of u**3/3 - u**2 + 38*u + 7. Let y be l(0). Let v be ((-88)/6)/(12/(-342)). Calculate the highest common divisor of v and y.
38
Suppose 2*q - 5*y - 87 = 0, -13*y = 5*q - 8*y - 305. What is the highest common divisor of q and 63?
7
Let o(w) = -w**3 + 3*w**2 + 17*w + 16. Let p be o(6). Suppose 6*k - p = 11*k, -q - k + 14 = 0. What is the greatest common factor of q and 128?
16
Suppose 21*a + 9*f = 18*a + 1008, -2*a + 627 = f. Calculate the greatest common divisor of a and 4429.
103
Suppose -35*y + 32*y - 4*v = -1315, -2*v - 2209 = -5*y. What is the highest common factor of y and 3?
3
Let a(f) = -256*f + 624. Let x be a(-1). Calculate the greatest common factor of x and 88.
88
Let j(i) be the first derivative of -25/2*i**2 + 20 - i. Let o be j(-4). Calculate the greatest common divisor of 9 and o.
9
Let g(i) be the first derivative of 8*i**3/3 - 3*i**2 + 8*i - 2. Let k be g(1). What is the highest common divisor of 65 and k?
5
Suppose -4*l + 4*c = -1036, 38*l = 42*l + 4*c - 1004. Calculate the highest common divisor of l and 1360.
85
Let j = 11896 - 9457. Calculate the greatest common factor of j and 81.
9
Let p = 284 - 235. Let b be ((-8)/6)/(p/(-21168)). What is the greatest common factor of 72 and b?
72
Let c be (180/(-14))/((-1)/7). Let o(f) = f**3 + 2*f**2 + 3*f + 45. Let r = -181 + 181. Let t be o(r). Calculate the highest common factor of t and c.
45
Suppose 569 = 3*d - 520. Let h = -59 - -92. What is the highest common divisor of h and d?
33
Let c(l) = l**3 + 21*l**2 - 10*l - 343. Let o be c(-15). Calculate the highest common factor of 178 and o.
89
Suppose -4*t + 536 = 26*x - 25*x, 5*t = -2*x + 1072. What is the highest common factor of x and 12?
4
Let f be 24/16 - 89*(-9)/6. Suppose -f = -18*b - 27. What is the greatest common divisor of b and 33?
3
Let b = -22 - 40. Suppose -2*x - 413 = -5*t - 20, 3*t - 203 = -7*x. Let j = t + b. Calculate the highest common divisor of j and 240.
15
Let q(l) = 13*l - 628 + 16*l + l**2 - 2*l**2 + 635. Let c be q(20). Calculate the greatest common factor of c and 17.
17
Suppose -c - v + 11 = 0, 2*c - 4*v + 12 = 34. Let b = 1122 - 1111. What is the highest common divisor of c and b?
11
Let a(w) = -w**2 + 17*w + 3766. Let t be a(67). Calculate the greatest common divisor of 559 and t.
13
Let b = 349 - 228. Suppose 0 = w + 2*q - 18, -5*w + 30 = -3*q - 21. Suppose -11*m + w + 109 = 0. What is the greatest common factor of b and m?
11
Suppose 6*k = 863 + 1147. Calculate the greatest common divisor of 5 and k.
5
Suppose -5*y + 24333 = 9*m, 0*m - y = -4*m + 10805. Calculate the greatest common divisor of 7 and m.
7
Let k be (-2 - 2/2)/((-26)/((-7488)/(-108))). What is the greatest common divisor of 17672 and k?
8
Let h = 5468 - 5408. Calculate the highest common factor of 2940 and h.
60
Let t = 1778 - 1478. Calculate the greatest common divisor of 2850 and t.
150
Suppose -2*o - 20 = 8*x - 4*x, 2*o + 5*x + 25 = 0. Let i(u) = u**3 + u**2 - u + 384. Let s be i(o). Calculate the greatest common divisor of 72 and s.
24
Suppose -9*c + 799 = -1577. Suppose 0 = 33*q - c - 528. Calculate the highest common factor of q and 30.
6
Suppose 5*l + 28 = 5*w + 9*l, -5*l = -w - 6. Suppose -3*h + 447 = w*y - 0*h, -105 = -y - 3*h. What is the highest common factor of 76 and y?
38
Suppose -p - 23 = -5*a + p, -2*a - 4*p + 14 = 0. Suppose 0 = -g + 4, 4*g + 20 = 8*c - a*c. Calculate the highest common factor of c and 3.
3
Suppose -6*q = 1625 - 1697. What is the highest common divisor of q and 1156?
4
Let v(h) = -440*h - 2622. Let u be v(-6). What is the greatest common factor of u and 50?
2
Let z(o) = o**3 - 78*o**2 + 626*o + 18. Let g be z(69). Let w = 90 - 24. Calculate the greatest common factor of g and w.
33
Let l = -188 + 317. Suppose -13*b + 1 + l = 0. What is the greatest common factor of 75 and b?
5
Let r(s) = s**3 + 17*s**2 - 78*s - 107. Let n be r(-20). What is the highest common divisor of n and 299?
23
Suppose 5*r = 74 - 14. Suppose -s = 4*c - 403, -2*s + 386 = 5*c - 114. What is the greatest common divisor of r and c?
6
Let o(p) = p**2 + 19*p - 1428. Let y be o(32). Calculate the highest common divisor of 228 and y.
12
Let k(d) = 5*d**2 - 117*d - 74. Let m be k(25). What is the highest common divisor of m and 822?
6
Suppose 7 = 5*m - 18. Suppose m*q - 66 = 494. What is the highest common factor of 144 and q?
16
Let w(x) = 2*x**2 + 34*x + 16. Let u be w(-17). Suppose -9*k = -u*k + 35. Suppose -20 = q - 2*q. What is the highest common factor of q and k?
5
Let k(c) = c**3 - 4*c**2 - 6*c - 16. Let h be k(6). Let m be (-14)/(-5)*h/(-8)*-1. What is the highest common divisor of 28 and m?
7
Suppose 19*w = 905 + 5802. Let r = w - 210. Let n(k) = 13*k**2 - k - 1. Let l be n(-1). Calculate the highest common factor of r and l.
13
Let o(b) = -32*b + 220. Let t be o(7). Let c be (-1 - -5)/t*-5 + 732. What is the highest common divisor of c and 67?
67
Let v be 1 - (-13)/(-9) - (-480)/(-810)*-21. Calculate the highest common factor of v and 4116.
12
Let n be (-2)/(-26) + (1 - 0)*(-4416)/(-897). Suppose 0 = -4*l + 6*l - 340. Calculate the greatest common factor of n and l.
5
Let z(c) = 56*c**2 - 969*c - 1727. Let j be z(19). Let u(s) = 11*s**2 + 6*s - 5. Let x be u(4). What is the greatest common divisor of j and x?
39
Suppose -39*b = 12605 - 64943. What is the highest common factor of 44 and b?
22
Let l be ((-42)/12)/7*-156. Let y(s) = -27*s - 123. Let b be y(-19). What is the greatest common divisor of b and l?
78
Let y(u) = -4*u + 113. Let f be y(26). Suppose f*k = 4*k + 85. Let r = 42 + -25. What is the greatest common factor of k and r?
17
Let s(a) = 45*a - 9. Let i(d) = -d**3 + 36*d**2 + 42*d - 184. Let k be i(37). Let p be s(k). What is the highest common factor of p and 8?
4
Suppose 3*c + 3*c = 1416. Let q = c + -158. Let w(l) = 4*l - 37. Let h be w(19). What is the highest common factor of q and h?
39
Let v = 34 + -22. What is the highest common divisor of 68 and v?
4
Suppose 38*s + 1904 = 53*s + 41*s. Calculate the greatest common factor of s and 2329.
17
Let h be 2 - 1*(-31)/1. Let j = 200658 + -200647. What is the greatest common divisor of h and j?
11
Let z be 12/66 - ((-45)/(-6))/(88/(-18912)). What is the highest common divisor of z and 52?
52
Suppose 0 = 719*j + 590*j - 494*j - 252650. What is the greatest common divisor of j and 1395?
155
Let r(t) = 2*t**3 - 13*t**2 + 5*t + 57. Let c be r(9). What is the greatest common divisor of 247